7
Suppose 0 = -13*g + 234 + 728. Suppose 0 = -m - m + 4. Suppose 0 = l + 3*a - 25, a - m*a - g = -4*l. What are the prime factors of l?
19
Let c(n) = n**3 + 22*n**2 - n + 817. What are the prime factors of c(0)?
19, 43
Let p = -37 - -37. Let m(u) = 9 - u - 9 + 27. List the prime factors of m(p).
3
Suppose p - 3578 = -5*q, 2149 - 10 = 3*q - 2*p. List the prime factors of q.
5, 11, 13
Suppose -a = -z - 90, 2*a + z + 32 = 203. What are the prime factors of a?
3, 29
What are the prime factors of (-19)/((-12)/156*1/2)?
2, 13, 19
Suppose 4172 = 12*j + 9764. Let k = -207 - j. What are the prime factors of k?
7, 37
Let t = -168 - -74. Let d = t - -210. Suppose -5*b + 25 = l, 6*l + 4*b = 2*l + d. What are the prime factors of l?
2, 3, 5
Suppose 572 = -7*m + 3302. What are the prime factors of m?
2, 3, 5, 13
Let h(i) = -3*i**2 - 2*i - 4. Let g be h(-5). Let j = 80 - 125. Let t = j - g. List the prime factors of t.
2, 3
Suppose -5*b = 3*d - 4*d - 47, -d + 33 = 3*b. Let f(x) be the second derivative of x**3/2 - 15*x**2/2 + 2*x. List the prime factors of f(b).
3, 5
Let l be 3/(-27)*3 - (-30)/9. Suppose -3*y + 186 = l*n, -n - y = -4*n + 166. List the prime factors of n.
3, 19
What are the prime factors of (-105)/(-60) - 9783/(-12)?
19, 43
Let f be (3 - 5)/(2/4). What are the prime factors of f/20 - (271/(-5) + 4)?
2, 5
Suppose -12*g + 63856 = 14*g. What are the prime factors of g?
2, 307
Let t(h) = 38*h**2 - 36*h - 154. What are the prime factors of t(-8)?
2, 1283
Suppose 2*c + 10 = 0, -8*o + 7885 = -4*o + 3*c. What are the prime factors of o?
5, 79
Let c be (44/(-3))/(2/(-3)). Suppose 5*w - c = -12. Suppose -17 = -w*f - 1. List the prime factors of f.
2
Let w(v) = -7*v - 3. Let l be w(-1). Suppose 0*a + l*a - 340 = 0. List the prime factors of a.
5, 17
Suppose 4*b - 2*h + 4*h = 1030, -5*b + 4*h = -1307. What are the prime factors of b?
7, 37
Let i(l) be the second derivative of 9*l**2 - 13*l + 0 - 1/2*l**3. List the prime factors of i(-5).
3, 11
Let z be -3*(-9)/(108/40). Let f = -23 + 41. Let r = f + z. List the prime factors of r.
2, 7
Suppose 0 + 8 = q. Let p(f) = f**2 - 4*f + 3. What are the prime factors of p(q)?
5, 7
Let y be (-316 + 0)*(-12)/8. Suppose -y + 120 = -3*l. List the prime factors of l.
2, 59
Suppose -v - 4*v = 5. Let w be (v - 2/(-4))*-2. Let r = 3 - w. What are the prime factors of r?
2
Let f(u) = -68*u**2 + u + 1. Let x(h) = -1. Let z(p) = -f(p) - 2*x(p). List the prime factors of z(1).
2, 17
Let t be 44/6*3/(-2). Let d(n) = -n - 9. Let m be d(t). Suppose -m*r = -7*r + 110. List the prime factors of r.
2, 11
Let j(k) = 39*k**2 + 50*k + 1. List the prime factors of j(5).
2, 613
Suppose -622 = f - 697. What are the prime factors of f?
3, 5
Let o = 4532 - 2674. List the prime factors of o.
2, 929
Let o(t) = -39*t**3 - 4*t**2 - 7*t - 4. List the prime factors of o(-5).
2, 3, 89
Suppose -5 = -4*w - 1. Suppose -6*h - 34 = 5*k - 7*h, -3*h = -5*k - 32. What are the prime factors of 32 + w - 0/k?
3, 11
Let k = 11077 + -6152. What are the prime factors of k?
5, 197
Let v = 100 - 98. Let d be 36*(-2 - (-11)/4). Suppose 5*r = b - d, -b + r + 53 = v*b. What are the prime factors of b?
17
Suppose 2*t - t = 609. Suppose 12*q = 5*q + t. List the prime factors of q.
3, 29
Let z be -2 + (-24)/(-2 + -2). Suppose z*v - 2*v = 12. Let c(n) = 5*n + 17. What are the prime factors of c(v)?
47
Let y be 2 + 29 + (-4)/1. Suppose 0 = 33*k - 30*k - y. Let u(j) = -j**3 + 9*j**2 + 2*j + 11. What are the prime factors of u(k)?
29
Let h(n) = n + 3. Let a(f) = 5*f + 13. Let z(o) = 2*a(o) - 9*h(o). Let k be z(4). Suppose 0 = -x - 5, -k*s + 4*x = -102 - 53. What are the prime factors of s?
3, 5
Let z = 114 - -10. Let b be ((-114)/5)/(12/40). Let t = b + z. List the prime factors of t.
2, 3
Let q be 10/4*(-96)/(-15). Suppose 0 = -5*v + q - 1. List the prime factors of 4/v*(-48)/(-32).
2
Suppose 0 = -11*q + 51 + 26. Let f(x) = 26*x - 20. What are the prime factors of f(q)?
2, 3
Let o(d) = -d**3 + d + 415. Let t = 15 - 15. Let q be o(t). Suppose y + 5*n + 375 = 6*y, -5*y = 5*n - q. What are the prime factors of y?
79
Let s = -13 + 6. Let c(g) = g**3 + 6*g**2 - 8*g - 6. Let y be c(s). What are the prime factors of (-2)/y*(-55)/22?
5
Let v = -115 + 113. Suppose -u - 51 = -o, 9 = -u + 3*o - 34. Let t = v - u. What are the prime factors of t?
53
What are the prime factors of ((-137)/(-2))/(19/114)?
3, 137
Suppose -218 = -12*i + 6418. What are the prime factors of i?
7, 79
Suppose -6*w = -8*w - 48. Let b = w + 43. Let r = b - 17. List the prime factors of r.
2
Let y(r) = 8*r + 8. Suppose 3*f - 3 = -h + 4*f, h = -5*f + 3. Suppose -m - h*m = -24. What are the prime factors of y(m)?
2, 7
Let b be 46/8 - 2/(-8). Suppose -b*v = 2*v - 696. List the prime factors of v.
3, 29
Suppose 7*v + 4*x = 11*v - 8272, -10339 = -5*v + 4*x. List the prime factors of v.
3, 13, 53
Let u = 18 - 37. Let p = -32 - u. Let d = -6 - p. What are the prime factors of d?
7
Let r = 75 + -114. List the prime factors of 4108/r*(-1)/2*3.
2, 79
Suppose 46*d - 56*d = -1670. List the prime factors of d.
167
Suppose m = 2*d + 2, 4 + 2 = 2*m - 5*d. Let f be m*2/8*-24. Suppose k - f = 16. List the prime factors of k.
2, 7
Let g(b) = b**2 + 2*b + 48. Let o be g(0). Suppose o = 8*m - 4*m. List the prime factors of 1/3 + 152/m.
13
Let h(r) = -r**3 + 1. Let o(j) = -3*j**3 - 7*j**2 - 3*j + 1. Let c(a) = 2*h(a) - o(a). Let x be c(-6). Let k = x + 0. What are the prime factors of k?
19
Let p(y) = y - 7. Let x = -21 - -33. Let d be p(x). Suppose 0 = j + d*o - 16, -2*o - 107 = -j - 4*j. List the prime factors of j.
3, 7
Suppose 0 = -6*a + 87 + 63. Suppose -117*o + 122*o - a = 0. List the prime factors of o.
5
Let k(n) = 146*n**2 + 30*n + 57. What are the prime factors of k(-2)?
7, 83
Let a be 1 - -54 - (0 - 1). Suppose 0 = -21*r + 23*r - a. List the prime factors of r.
2, 7
Let b(p) = 3*p**2 + 11*p - 172. What are the prime factors of b(12)?
2, 7
Suppose 5*r = 2*r + 18. Let z(x) = -x**3 + 6*x**2 + x + 5. List the prime factors of z(r).
11
Suppose 3*r + 2 = 14. Suppose 0 = -r*p + 109 + 47. List the prime factors of p.
3, 13
Let p(z) be the first derivative of 13*z**2 - 20*z - 29. List the prime factors of p(4).
2, 3, 7
What are the prime factors of 78*((-18)/10)/(18/(-30))?
2, 3, 13
Let p(b) = -b + 1. Let i(c) = -8*c - 33. Let f(a) = i(a) + 2*p(a). List the prime factors of f(-6).
29
Suppose -2*d + 19 = 7. Suppose -5*j = -d*j + 33. List the prime factors of j.
3, 11
Suppose -8 = 4*w, -5*b - 4*w + 8159 = -1423. List the prime factors of b.
2, 7, 137
Suppose -3*q - 9 + 27 = 0. Suppose -q*u + u = -170. List the prime factors of u.
2, 17
Let f be (2492/(-77))/2 - 4/(-22). Let b(v) = -10 - 5*v**2 - 7*v + 4*v**2 + 2*v**2 + 22*v. List the prime factors of b(f).
2, 3
Suppose 7*m = -2*g + 6*m + 1433, -3*m - 2172 = -3*g. List the prime factors of g.
719
Let c = 1428 - 106. List the prime factors of c.
2, 661
Let h(j) = j**3 - 8*j**2 + 14*j - 6. Let n be h(6). List the prime factors of -6 - n/(-3) - -73.
3, 23
Let m(o) = -o - 3. Let i be m(-6). Let k be ((-52)/(-5))/(6/30). Suppose -k = j - i*j. List the prime factors of j.
2, 13
Let s = -4748 - -7024. List the prime factors of s.
2, 569
Suppose 4*k = -12, 0 = 5*z + k + 171 - 13. Let d = z - -43. Suppose -m + d + 17 = 0. What are the prime factors of m?
29
Let p(h) = -108*h + 21. Let q be p(-4). Suppose -n = 2*c + 39 - 190, 2*c - q = -3*n. List the prime factors of n.
151
Suppose 2*b - 88159 = -21*b. List the prime factors of b.
3833
Suppose 17*f - 98*f = -166617. List the prime factors of f.
11, 17
Suppose -3*t = 2*y - 0*y + 6, 0 = -2*y - 6. Let j(l) = l - 33. Let f be j(15). Let n = t - f. What are the prime factors of n?
2, 3
Let x be ((-1)/2)/(1/(-4)). Suppose -5*j + 156 = -2*k - 94, j = 2*k + 42. Suppose -3*o = i + o - 16, 2*o = x*i - j. What are the prime factors of i?
2, 3
Suppose -33*c + 10 = -31*c. Suppose -c*m = s - 169, 4*m - 38 = 3*m + 4*s. List the prime factors of m.
2, 17
Suppose 7*u - 5 = 6*u. What are the prime factors of 1*(42/(-14))/((-1)/u)?
3, 5
Let v be (-20)/12*8*3. Let t = 25 - v. List the prime factors of t.
5, 13
Let f = -517 - -1040. Suppose 2*h - 25 - f = 0. What are the prime factors of h?
2, 137
Suppose 328*g + 20196 = 346*g. What are the prime factors of 